{"id":40,"date":"2020-04-26T21:14:35","date_gmt":"2020-04-26T19:14:35","guid":{"rendered":"https:\/\/arboreum.fr\/blog\/?page_id=40"},"modified":"2020-04-26T21:16:16","modified_gmt":"2020-04-26T19:16:16","slug":"livraison-et-emballage","status":"publish","type":"page","link":"https:\/\/www.arboreum.fr\/blog\/livraison-et-emballage\/","title":{"rendered":"Emballage et livraison"},"content":{"rendered":"\n<h2>Emballage<\/h2>\n\n\n\n<figure class=\"wp-block-image\"><img src=\"https:\/\/www.arboreum.fr\/img\/cms\/Images\/craft_papier.jpg\" alt=\"Emballage papier kraft\"\/><\/figure>\n\n\n\n<p>Nos&nbsp;<a href=\"https:\/\/www.arboreum.fr\/porte-couteaux-bois-massif-harmonium\">porte-couteaux<\/a>&nbsp;sont simplement emball\u00e9s et ficel\u00e9s dans du papier kraft de fa\u00e7on simple et brut !<\/p>\n\n\n\n<p>Nous travaillons sur un packaging qui viendra dans un second temps.<\/p>\n\n\n\n<h2>Exp\u00e9ditions<\/h2>\n\n\n\n<figure class=\"wp-block-image\"><img src=\"https:\/\/www.arboreum.fr\/img\/cms\/Images\/lettre-suivi.jpg\" alt=\"Lettre suivi La Poste\"\/><\/figure>\n\n\n\n<p>Les colis sont g\u00e9n\u00e9ralement exp\u00e9di\u00e9s dans un d\u00e9lai de 2&nbsp;jours apr\u00e8s r\u00e9ception du paiement par lettre suivie La Poste. Les frais d&rsquo;exp\u00e9dition incluent les frais de pr\u00e9paration et d&#8217;emballage ainsi que les frais de port. Les frais de pr\u00e9paration sont fixes, tandis que les frais de transport varient selon le poids total du colis.<\/p>\n\n\n\n<p>Nous vous recommandons de regrouper tous vos articles dans une seule commande. Nous ne pouvons regrouper deux commandes plac\u00e9es s\u00e9par\u00e9ment et des frais d&rsquo;exp\u00e9dition s&rsquo;appliquent \u00e0 chacune d&rsquo;entre elles. Votre colis est exp\u00e9di\u00e9 \u00e0 vos propres risques.<\/p>\n\n\n\n<h2>Retours<\/h2>\n\n\n\n<figure class=\"wp-block-image\"><img src=\"https:\/\/www.arboreum.fr\/img\/cms\/Images\/verre_casse.jpg\" alt=\"verre cass\u00e9\"\/><\/figure>\n\n\n\n<p>Peu probable mais s&rsquo;il arrivait que nos porte-couteaux arrivent en mauvais \u00e9tat il vous suffirait de nous les retourner par la poste \u00e0 l&rsquo;adresse ci-dessous pour que nous vous les \u00e9changions gratuitement, n&rsquo;oubliez pas de nous indiquer votre n\u00b0 de commande et votre adresse de retour :<\/p>\n\n\n\n<pre class=\"wp-block-preformatted\">ARBOREUM - Service Retours\n2, rue de la libert\u00e9 - Orgy\n89 240 CHEVANNES<\/pre>\n\n\n\n<p><\/p>\n\n\n\n<p><\/p>\n","protected":false},"excerpt":{"rendered":"<p>Emballage Nos&nbsp;porte-couteaux&nbsp;sont simplement emball\u00e9s et ficel\u00e9s dans du papier kraft de fa\u00e7on simple et brut ! Nous travaillons sur un packaging qui viendra dans un second temps. Exp\u00e9ditions Les colis sont g\u00e9n\u00e9ralement exp\u00e9di\u00e9s dans un d\u00e9lai de 2&nbsp;jours apr\u00e8s r\u00e9ception du paiement par lettre suivie La Poste. Les frais d&rsquo;exp\u00e9dition incluent les frais de pr\u00e9paration [&hellip;]<\/p>\n","protected":false},"author":1,"featured_media":0,"parent":0,"menu_order":0,"comment_status":"closed","ping_status":"closed","template":"","meta":[],"aioseo_notices":[],"_links":{"self":[{"href":"https:\/\/www.arboreum.fr\/blog\/wp-json\/wp\/v2\/pages\/40"}],"collection":[{"href":"https:\/\/www.arboreum.fr\/blog\/wp-json\/wp\/v2\/pages"}],"about":[{"href":"https:\/\/www.arboreum.fr\/blog\/wp-json\/wp\/v2\/types\/page"}],"author":[{"embeddable":true,"href":"https:\/\/www.arboreum.fr\/blog\/wp-json\/wp\/v2\/users\/1"}],"replies":[{"embeddable":true,"href":"https:\/\/www.arboreum.fr\/blog\/wp-json\/wp\/v2\/comments?post=40"}],"version-history":[{"count":2,"href":"https:\/\/www.arboreum.fr\/blog\/wp-json\/wp\/v2\/pages\/40\/revisions"}],"predecessor-version":[{"id":42,"href":"https:\/\/www.arboreum.fr\/blog\/wp-json\/wp\/v2\/pages\/40\/revisions\/42"}],"wp:attachment":[{"href":"https:\/\/www.arboreum.fr\/blog\/wp-json\/wp\/v2\/media?parent=40"}],"curies":[{"name":"wp","href":"https:\/\/api.w.org\/{rel}","templated":true}]}}